/20 + 7*c**4/12 - 7*c**3/6 - c**2 + 43*c + 1. Suppose 0*s - 32 = 4*s. Calculate n(s).
-10
Suppose 67*r - 18 = 73*r. Let q(i) = i**2 - i - 3. Calculate q(r).
9
Let s(b) be the second derivative of b**4/6 + 2*b**3/3 + 2*b**2 - 43*b. Let q(t) = t - 7. Let m be q(13). Suppose -6*l + m = -8*l. What is s(l)?
10
Let l(g) = -2*g**3 + 4*g**2 - 4*g - 13. Let y(r) = 4*r**3 - 9*r**2 + 9*r + 28. Let t(m) = 13*l(m) + 6*y(m). Give t(1).
-3
Let h be 1*(0 - 1) + 3. Suppose 0 = h*o - 4. Suppose 3*m - 2*q + o = -6, -3*q + 7 = -2*m. Let s(w) = 3*w + 1. What is s(m)?
-5
Let x(p) = -p**3 + 3*p**2 + p - 5. Let y be x(2). Let w(c) = -8*c**2. Determine w(y).
-8
Let t be (-10)/2*(-3)/15*2. Let g = 1 + -1. Let m be (0 - t)*(g - -1). Let z(i) = i**3 + 2*i**2 - 2*i - 1. What is z(m)?
3
Let l be (-7 + (2 - 3))*4/(-8). Suppose 0 = -2*m - 5*h - 22, 0*m - 3*m - 26 = l*h. Let c(v) = 1 + 4 + v**2 + 7*v + 2. What is c(m)?
1
Let b(g) = -4*g + 0 + 8 + 8*g + 0*g - 5*g. Suppose 0 = 2*f - 3*f. What is b(f)?
8
Suppose 7*h + 31 = -445. Let b = -67 - h. Let w(g) be the first derivative of g**4 - g - 1. Calculate w(b).
3
Let l = 52 - 51. Let q(z) = 0 + 3 - 248*z**2 + 6*z + l + 249*z**2. Calculate q(-5).
-1
Let u(i) = -2*i**2 - 35*i - 60*i + 11 + 104*i. What is u(5)?
6
Let d(k) be the first derivative of 5*k**4/4 + 2*k**3/3 + 398. Give d(-2).
-32
Let q(p) = 11*p**2 - 3*p - 1. Let i be (-2 - 0 - -4)*1. Let a(m) = 4*m - 3 + 2 - 12*m**i + 2. Let c(f) = 3*a(f) + 4*q(f). What is c(-1)?
7
Let k(o) be the first derivative of o**6/360 - o**5/24 - 12*o**3 - 2*o - 13. Let x(g) be the third derivative of k(g). Suppose b - 5 = -1. Determine x(b).
-4
Let o(v) = -v**3 + 2*v**2 + 5. Let g = 812 - 809. Determine o(g).
-4
Suppose 0 = -y + 3*y + 2*t - 10, -16 = -3*y - 2*t. Let k(o) = -16*o - 816 + 16*o + o**3 - 6*o**2 + 822. Give k(y).
6
Let o(w) = -22*w + 4. Let f(r) = 1. Let i(g) = 4*f(g) - o(g). What is i(1)?
22
Let z(n) = n**2 + 8*n + 7. Suppose 5*i + 69 = 2*m, -39 = 3*i + m - 3*m. Let g be 38/(-6) + (-5)/i. Determine z(g).
-5
Let d(f) = -3*f**2 - 7*f + 3. Let s(t) = -2*t**2 - 1. Let r(m) = -d(m) + s(m). Suppose -6*z = -11*z - 35. Give r(z).
-4
Let l(x) = x - 1. Let o(w) = -w**2 - 4*w - 6. Let a(i) = 2*l(i) - o(i). Let t be a(-3). Let u(y) = y**2 + 3*y - 5. Calculate u(t).
5
Let w = -9 + 13. Let r(u) = -w*u + 8*u - 3*u - 2. Suppose -7 = -3*x - 25. Determine r(x).
-8
Let v(t) = -5*t - 3. Let y(w) = -35*w + 5*w**2 - 15 - 3*w**2 + 0*w. Let p be y(18). Give v(p).
-18
Let p = 12 + -12. Suppose p*a - 38 = -2*a - 5*b, 0 = a + 3*b - 19. Suppose l = m - 5, 0 = 3*m - a + 7. Let d(c) = 11*c**3 - c**2. Determine d(l).
-12
Let i(k) = -k**2 - 10*k - 6. Let f be i(-9). Let z(y) be the third derivative of 0*y + 0 - 1/24*y**4 + y**2 - 7/6*y**f. Determine z(-6).
-1
Let l(h) = -97*h - 1. Let x be l(-1). Suppose 3*d + 0*d = -x. Let u be (-4)/(d/12)*2. Let t(i) = 5*i - 1. What is t(u)?
14
Let z(f) = -4*f + 30. Let n(j) = j**2 + 33*j + 6. Let b be n(-33). Determine z(b).
6
Let d = -13 + 16. Let v(n) = -2*n**2 - 3*n**3 + 2 - 39*n + 4*n**3 + 38*n. Give v(d).
8
Suppose 3*q = -2*q + g + 17, 0 = -5*g - 10. Suppose -3*w - 2*n = -20 + q, n - 1 = w. Let z(y) = -5*y + w*y - y**2 + 9*y. Calculate z(6).
6
Let s(d) = -d**2 + d - 17. Let b(p) = 6*p**2 - 4*p + 84. Let a(u) = b(u) + 5*s(u). Suppose -2*n + 5*n = 0. Let w be (-2 + 1)/(n + -1). Give a(w).
1
Suppose f + 2 = 0, 0*m = m + 3*f + 9. Let a(l) = 3*l + 3. Give a(m).
-6
Let a(r) = -7*r**2 - 5*r - 3 + 14*r**3 + 1 - 15*r**3 - 2. What is a(-5)?
-29
Let w(k) be the first derivative of -k**6/360 + k**5/30 - 5*k**4/24 - 10*k**3/3 - 4. Let n(b) be the third derivative of w(b). Give n(4).
-5
Let f(r) = -4*r - 6. Let m be (-1)/(-1 + (-111)/(-108)). Let k = m + 31. Give f(k).
14
Let y(j) be the second derivative of -j**3/6 - j**2/2 + 51*j. Let u(z) = 3*z**3 - 2*z + 1. Let q be u(1). Calculate y(q).
-3
Let p(j) = 9*j - 5*j - 2 + 6*j. Let n be p(2). Suppose 0 = 5*v - n - 2. Let c(l) = -l**2 + 4*l - 2. What is c(v)?
-2
Let b(z) = 3*z + 11. Let t(q) = 5*q + 13. Let k(s) = -3*b(s) + 2*t(s). Give k(7).
0
Let r be 224/(-24)*3/2. Let a be (-35)/r*(-6)/5. Let l(x) = -4*x. What is l(a)?
12
Let x(f) = f**3 + 6*f**2 + 6*f - 1. Suppose -3*y - y = 12. Let c be y/((-9)/(-3)) - (10 - 6). Determine x(c).
-6
Let v(y) = 8*y**2 - 16*y - 3. Let s(b) = 7*b**2 - 16*b - 2. Let a(f) = 7*s(f) - 6*v(f). Calculate a(17).
21
Let u(q) = 2*q + 7. Let z = -368 + 359. Give u(z).
-11
Let p(z) = 3*z + 2. Let s(g) = 7*g + 5. Let d(i) = -5*p(i) + 2*s(i). Let a(u) = -15*u + 1. Let t(x) = a(x) - 4*d(x). Calculate t(1).
-10
Let k(r) = 27*r**2 - 23*r + 32. Let q(y) = 17*y**2 - 15*y + 20. Let t(p) = -5*k(p) + 8*q(p). Let d(m) = -m**2 + 6*m - 4. Let j be d(4). What is t(j)?
-4
Let z(a) = -2*a**3 - 7*a**2 + 5*a + 10. Let k be z(-4). Let r(n) = 1 - n**3 + 2*n + 3*n**2 + k*n - 7*n. Give r(2).
7
Let h(d) be the first derivative of d**7/840 - d**6/360 + d**4/4 + 4*d**3/3 + 1. Let p(b) be the third derivative of h(b). Suppose 12*n = 41*n. Give p(n).
6
Let l = -3 - -5. Let w(c) = 0*c - 4*c + 0*c - l*c**2 + c**3 - 5. Give w(4).
11
Suppose u = f + 11, 4*u - 3*f - 19 = -4*f. Let r(d) = -10*d + d**2 + d + 1 + 6. What is r(u)?
-11
Let l(x) = -x - 7. Let m(s) = 2*s + 12. Let w(j) = -7*l(j) - 4*m(j). Give w(-3).
4
Let c(a) = 7 - 314*a + 0*a**2 + a**2 + 322*a. Determine c(-7).
0
Let f(q) = q + 8. Let b(w) = 7*w + 43. Let z(p) = -4*b(p) + 22*f(p). Give z(2).
-8
Suppose 4*k = -2*z + 8, z - 5*k + 2*k = -1. Let u(p) be the first derivative of p**5/60 + 2*p**3/3 + 3. Let v(j) be the third derivative of u(j). Give v(z).
4
Let w(v) be the third derivative of 1/3*v**3 + 0 - 1/12*v**4 + 0*v - 8*v**2. Give w(5).
-8
Let g be ((-6)/15)/((-2)/10). Let t(y) = 4*y + 20 - 23 - 3*y**3 + 2*y**3. Give t(g).
-3
Let z(f) = -f**2 + 7*f + 13. Suppose -3*h - 10 = 4*b + 6, 2*b - h - 2 = 0. Let r be (0 + -1)*(b - 8). Calculate z(r).
-5
Let t(h) = -h**3 - 6*h**2 + 9*h + 5. Let s(p) = p**3 - 5*p**2 + 3*p - 3. Suppose 16 = 6*v - 8. Let g be s(v). What is t(g)?
-9
Let f(a) = 3*a**2 - 1. Let m(l) be the second derivative of l**4/12 + 17*l**3/6 - l**2 + 25*l. Let t be m(-17). Calculate f(t).
11
Let f = 10 + -13. Let w(t) = -23*t**3 - 4*t**2 - 5*t - 4. Let d(i) = -46*i**3 - 7*i**2 - 9*i - 7. Let p(k) = f*d(k) + 5*w(k). Give p(-1).
-23
Suppose 59*x - 231 = 26*x. Let m(j) be the first derivative of x + 1/2*j**4 + 0*j - 2/3*j**3 - 1/2*j**2. Calculate m(-1).
-3
Suppose 1000 - 979 = -3*k. Let t(n) = -n**2 - 9*n. Determine t(k).
14
Let y(q) = q - 83*q**2 - 84*q**2 - 9 + 2 + 175*q**2 - q**3. Let d(h) = -7*h + 1. Let r be d(-1). Calculate y(r).
1
Let l(m) = m**3 - 5*m**2 - 2*m + 4. Suppose 0 = -164*j + 163*j + 6. Give l(j).
28
Let p(z) = z**2 + 5*z + 4. Let b = 89 + -97. Give p(b).
28
Let k(v) = v**3 + 23 + v + 0*v - v**2 + 2*v**2. Let b = -1673 - -1673. Determine k(b).
23
Let s be (-1)/((-19)/(-3) - 60/10). Let q(l) = l**3 + 5*l**2 + 6*l - 4. Determine q(s).
-4
Let j(o) = -o**3 + o + 1. Let g be (8/(-5))/(4/(-70)). Suppose g - 33 = 5*m. Give j(m).
1
Let j(m) = -m + 1. Let w(u) be the first derivative of 5*u**2 - u + 57. Let f(r) = j(r) - w(r). Give f(2).
-20
Let z = -10 - -4. Let c(w) = 9*w + 17 - 13 - 3*w + w. Let i(n) = -8*n - 4. Let m(b) = -7*c(b) - 6*i(b). What is m(z)?
2
Let q(j) be the third derivative of j**9/60480 - j**8/2880 + j**7/1008 + j**6/144 + j**5/12 + 7*j**2. Let a(y) be the third derivative of q(y). Calculate a(6).
-1
Let w(j) = -j**3 + 7*j**2 - 7*j + 9. Let m be (24/10)/((-8)/(-20)). Let q be w(m). Suppose i = q*i. Let z(o) = -o**3 - 1. What is z(i)?
-1
Let t(s) be the second derivative of -s**5/20 - 11*s**4/12 + s**3/2 - 174*s. Determine t(-11).
-33
Let s(k) = k**2 - 4*k + 2. Let x be s(5). Let p = 11 - x. Let n(f) = f**2 - f + p*f + 5 + 3*f. Give n(-5).
0
Let y(r) = -10*r + 15. Suppose j = -4, 144*x - 2*j - 28 = 140*x. Determine y(x).
-35
Let n(p) = -p**2 - 6*p + 1. Let r(u) = -2*u**3 + 13*u**2 - 14*u. Let y be r(1). Give n(y).
10
Let a(b) be the third derivative of -1/6*b**3 + 1/24*b**4 + b**2 + 0*b + 0. Suppose d = -f + 1, -d = -f - 11 + 6. Calculate a(d).
2
Let s(q) = -6*q**2 + 1. Let h = 5 - -5. Let a = h + -9. Calculate s(a).
-5
Let w(s) = s**3 + 6*s**2 + 5*s - 3. Let x(i) = -2*i**3 - 7*i**2 + 5*i. Let c = -143 - -139. Let a be x(c). Give w(a).
9
Let d be (-5